-10
Let j(b) = -5*b + 2. Let q be j(-1). Let c(m) = m**2 - 4897 - 4*m + 2451 - 6*m + 2447 + 4*m. Calculate c(q).
8
Let t(x) = -30 - 28 - 4399*x + 4390*x + 16. Calculate t(-6).
12
Suppose 2 = 4*k - 3*s + 2*s, 5*s = 4*k + 6. Let d(m) = -9*m - 11*m**2 + k - m**3 + 0 + 2 + 1. Let i be d(-10). Let c(a) = -a**3 - 6*a**2 - 3*a + 3. Give c(i).
21
Let i = 872 + -873. Let k(c) = 34*c - 1. What is k(i)?
-35
Let d(t) = 3*t**2 + 14*t - 88 + 22*t + 36 + 51. Calculate d(-13).
38
Let h(l) = 4*l - 38. Let r be h(15). Let p(j) = 2*j + 10 + r*j**2 - 8 - 1. Calculate p(-1).
21
Let r(x) = -2*x**3 - 36*x**2 - 2*x - 33. Let k(p) = 32*p - 146. Let l be k(4). Calculate r(l).
3
Suppose -2*q + 4 = 2*g, -10*g - 5*q + 80 = -7*q. Let c(u) = -11*u + 63. Determine c(g).
-14
Let n(i) = -i**3 + 3*i**2 + 2. Let a(k) = -11*k + 14*k + 22*k**2 - 54*k**2 - 13 + 31*k**2 + 13*k. Let h be a(15). Determine n(h).
6
Let u(i) = -27*i + 393. Let m(t) = -4*t + 53. Let y(r) = 15*m(r) - 2*u(r). Determine y(5).
-21
Suppose 10*v - 4*v = -30. Let m(i) = -5*i**3 + 5*i**2 - 9*i + 1. Let t(s) = 6*s**3 - 5*s**2 + 11*s - 1. Let z(c) = v*m(c) - 4*t(c). Calculate z(5).
4
Suppose -p + 10 - 114 = 0. Let l be (3 - 0 - 4) + -101 + -8. Let j = p - l. Let v(y) = y - 8. Calculate v(j).
-2
Let b(u) = 538*u - 17. Let w(v) = -202*v + 6. Let h(j) = -9*b(j) - 24*w(j). Let l(k) = -k**2 - k - 1. Let t be l(2). Determine h(t).
-33
Let q(z) = z**3 + 2*z**2 - z - 2. Let l = 55 + -56. Let y be q(l). Let b(d) = d**3 - 2*d + 6. Let t be b(y). Let w(i) = -i**2 + 6*i + 5. Determine w(t).
5
Suppose 5 = -3*m - 5*v + 43, -2*m - 2*v + 20 = 0. Let y(c) = c**3 - 7*c**2 + 6*c - 8. Give y(m).
-8
Let z = 52009 - 52000. Let g(p) be the third derivative of p**6/720 - p**5/40 + p**4/24 - p**2. Let j(o) be the second derivative of g(o). Determine j(z).
6
Let l(w) = w**3 + 7*w**2 - w + 4. Suppose x - 15*i + 10*i = -37, 59 = -5*x + 4*i. Calculate l(x).
11
Let w(h) be the second derivative of 12*h + 1/30*h**5 - 1/180*h**6 + 0 - 1/12*h**4 + 0*h**2 + 0*h**3. Let y(o) be the third derivative of w(o). Give y(-4).
20
Let f be (215/(-20))/((-9)/4) - (-4)/18. Let g(b) = -b**2 + 6*b - 10. Give g(f).
-5
Suppose 23 = 3*n - j - j, j = -4*n + 27. Let x(r) = r**3 - 7*r**2 + 7 + 2*r - 4*r + 2*r + 1. Calculate x(n).
8
Let o(g) be the second derivative of -g**5/20 - g**4/2 - g**3/3 + 2*g**2 - g. Let a be (-6)/(-63)*7*30. Suppose -3*p + m = a, 6 = -p - m + 2. What is o(p)?
16
Let d(k) = k**3 - 18*k**2 + 2. Let j be d(18). Let w(s) = -7 - j*s**2 + s**2 - 3 - 8*s + 9 - 1. What is w(-10)?
-22
Let x(l) be the second derivative of 2*l**3/3 + 57*l**2/2 + 2*l + 935. Give x(-9).
21
Let w(r) = -r**2 - 9*r - 11. Let g be w(-7). Let v(o) = 7600 + 7605 + 2*o - 15206. Give v(g).
5
Let v(n) be the third derivative of -n**5/30 + 5*n**4/24 + 5*n**3/6 - 14*n**2 + 14*n - 1. Give v(3).
2
Let n(u) be the first derivative of -9*u**2/2 + 3*u + 817. Let h(m) = -2*m**2 - 12*m - 9. Let q be h(-5). What is n(q)?
-6
Let u(h) be the first derivative of -7*h**4/24 + h**3/6 - h**2/2 - 187*h + 3. Let p(l) be the second derivative of u(l). Suppose 0 = i + 3*i - 4. Give p(i).
-6
Let x(d) = -11 + 41 - 70*d - 31 + 18*d**2. Give x(4).
7
Suppose 2*g - 2 = 4*g. Let c(f) be the third derivative of 5*f**4/24 - f**3/3 - 49179*f**2 - 2. Give c(g).
-7
Let l(i) be the second derivative of 14*i**3/3 - 315*i**2/2 - 5*i - 87. Give l(11).
-7
Let r(g) be the first derivative of 13/2*g**4 + g - 1/3*g**3 + 0*g**2 + 162. Give r(-1).
-26
Let w(f) = f**2 + 2*f + 4. Suppose 0 = -5*g - 8 - 7. Let o be w(g). Let t(n) = -107 + 227 - 123 + 9*n - 8*n**2 - n**3 + 2*n**3. Determine t(o).
11
Let p(b) = b**2 - 9*b + 6. Let u = 117 - 615. Let o = u + 505. Calculate p(o).
-8
Let m(x) = 2*x**2 - 8*x + 9. Let y = 1071 - 1065. What is m(y)?
33
Let i be 5 - ((-2 - -8) + -8)*2. Let k(v) be the second derivative of v**4/12 - v**3 - v**2/2 + 11*v. Calculate k(i).
26
Let t(k) = 4*k + 3. Suppose -6*v - 4*b = -11*v + 67, -3*v - 5*b + 18 = 0. Let q = v - 7. Suppose -10 = 3*r - 0*d + 4*d, 0 = q*r + d + 9. Determine t(r).
-5
Let y(f) = -2*f - 10*f**2 - 15*f**2 + 8 - 11*f**2 - 10*f**2 + 47*f**2. Give y(7).
43
Let i(p) = 5*p**2 + 13*p - 77. Let g(x) = -14*x**2 - 41*x + 198. Let s(r) = -4*g(r) - 11*i(r). What is s(-5)?
-25
Let y(n) = n**3 - n - 1. Let r(o) = 2*o**3 + 7*o**2 + 5*o + 2. Let a(i) = -r(i) + y(i). Suppose 82*c = 86*c + 3*d + 33, 0 = -2*d - 6. Give a(c).
-3
Suppose 469 = 6*w + 25. Let k(d) = 1 + 1 + 70*d - w*d. What is k(4)?
-14
Let i be (-17)/(-5) + 6/(-15). Suppose -i*t + 87 = -18. Let z = 32 - t. Let n(l) = l**3 + 2*l**2 - l + 4. Give n(z).
-2
Let t(j) = j - 7. Let x(q) = 13 + 2*q - q + 3*q. Let k be ((-9)/(-27)*-15)/(7 + -6). Let y be x(k). Determine t(y).
-14
Suppose 2*w = 20 - 16. Let l(s) = -2*s**2 - 12*s + 1. Let a be l(-6). Let y(p) = -p - a + 0*p + 2*p + w. Give y(-1).
0
Let n be 1/2*(-10)/(-1) + -6. Let c(l) = 22*l**2 - 6*l - 6. Calculate c(n).
22
Let b(m) = m**3 + 8*m**2 + 5*m + 43. Let z(p) = -2*p**2 + 8*p + 34. Let u be z(-3). Let l be b(u). Let r(x) = x**3 - 5*x**2 + x + 3. Give r(l).
-12
Let n(l) = l**3 - 92*l + 4*l**2 - 1 + 190*l - 98*l. Let y(v) = 3*v**3 + 5*v**2 - 5*v + 2. Let d(r) = 2*n(r) - y(r). Determine d(4).
0
Let g = 19 - 7. Let n(j) = -27*j - 11*j + g*j. Let c(d) = -2*d**3 + 28*d**2 + 744*d - 10417. Let v be c(14). Calculate n(v).
26
Suppose -10*v = -v - 36. Suppose -s - v*s = -25. Let j(h) = 3*h + 4*h**3 + 2*h**3 + 5 - 10*h**3 - 6*h**2 + 5*h**3. Give j(s).
-5
Let r = 114 - 112. Let s(k) = -1 + 4*k**2 - k**2 + 8*k - 3*k - 4*k**2. Give s(r).
5
Let p(m) be the third derivative of -m**5/60 - m**4/4 - m**3/6 - 3*m**2. Let u be (-4453)/(-915) - 2/(-15) - 10. What is p(u)?
4
Let d(z) = 217*z - 421*z + 3 + 214*z + z**2 - 7. Suppose -5*j = -25, j - 21 = -2*h - 4. Let v(p) = p**3 - 5*p**2 - 9*p + 8. Let g be v(h). Give d(g).
-4
Let j(x) = -2*x**2 - 2*x. Let d be 245/30 - (-6)/(-36). Suppose d*r + 51 = 67. What is j(r)?
-12
Let r(c) = -c + 1. Let j = -23 - 8. Let u = j - -36. Suppose 2*b - 15 = u*b. What is r(b)?
6
Let t(x) be the first derivative of -x**4/4 + 6*x**3 - 17*x**2/2 + 6*x - 34. Let n be t(17). Let f(m) = 4*m**2 - 3*m**2 - 29 + 35 - n*m. Calculate f(4).
-2
Let q(p) = 2*p**3 + 16*p**2 + 25*p + 10. Suppose 0 = -103*c + 492 - 1110. Calculate q(c).
4
Let c(f) = 1. Let k(y) = -2*y - 6. Let l(i) = c(i) + k(i). Let m = 47 + -43. Suppose -2*a + 11 + 4 = -5*v, m*v = -5*a - 45. What is l(v)?
5
Suppose -190*l - 72 = -195*l + 28. Let j(w) = w + 6. Give j(l).
26
Let g(z) be the first derivative of -z**5/20 + z**4 + 3*z**2/2 - 199*z + 132. Let i(y) be the first derivative of g(y). Give i(12).
3
Let p = -21424 - -21397. Let x(l) = l**3 + 28*l**2 + 25*l - 38. Determine x(p).
16
Let z(u) = -u + 1. Let w = 59 + -69. Let j be (-13)/(-5) + (-4)/w. Suppose -33 = -3*r - 5*l, 2*r - 16 = -j*l + 5. Determine z(r).
-5
Let n(s) = -s**2 + 6*s - 3. Let c be n(1). Let v(t) = t**c + 33*t - 55*t + 32*t. Give v(-7).
-21
Let d(p) = 11*p**3 + 43*p**2 + 13*p - 9. Let q(t) = 7*t**3 + 27*t**2 + 8*t - 6. Let w(a) = -5*d(a) + 8*q(a). Let n = -9 - -9. Calculate w(n).
-3
Suppose -62*l + 46 - 294 = 0. Let q(t) = -2*t**3 - 8*t**2 + 3*t - 5. Give q(l).
-17
Let d(i) = 3 + 2*i + 0*i**2 + 2*i**2 - i**2. Let a be (-114)/342*(6 + 0). Determine d(a).
3
Let a(t) = 9*t**2 + 76*t + 163. Let y be a(-5). Let m(n) = -5*n. Give m(y).
-40
Let n(d) = d**3 + 32*d**2 - 19. Suppose -4*k + 4*w - 124 = 8*w, -2*w = k + 30. Give n(k).
-19
Suppose 55*u - 81*u + 702 = 0. Suppose -u*b = -253 + 10. Let f(p) = p**2 - 12*p + 10. What is f(b)?
-17
Let u(x) = -35*x**2 - 2*x - 13. Let y(s) = -64*s**2 - 5*s - 24. Let i(m) = 11*u(m) - 6*y(m). Suppose c + 24 = 5*c. Give i(c).
13
Suppose 1042*p - 1043*p = -11. Let y(h) = -6*h - 5. Give y(p).
-71
Let g(z) = -42*z + 123. Let b(s) = -181*s + 492. Let j(v) = 2*b(v) - 9*g(v). Determine j(8).
5
Suppose 22 = -181*w + 192*w. Let s = -7 + 13. Let h(z) = -z**3 + 2*z**3 + s + 329*z**w + 4*z - 323*z**2. Determine h(-5).
11
Let s = -170 + 167. Let u(q) be the second derivative of -q**5/20 - q**4/4 - q**3/3 - 2*q**2 - 2*q + 15. Give u(s).
2
Suppose -5*m + 825 = 5*i, m - i - 685 = -3*m. Let g = -167 + m. Let n(a) = a**3 - 4*a**2 + a + 1. Calculate n(g).
-5
Let k be -2 - -5 - (8 + (-336)/49)*7. Let l(r) = -r**3 - 6*r**2 - r + 10. Determ